200?
48
Let w = -1 - 36. Let l = 82 + w. Suppose 5*i - i = 36. Calculate the highest common divisor of l and i.
9
Let v be (-18)/(-8)*(-32)/(-24). Suppose -5*n + 113 = 4*d, 2*d = -d + v*n + 51. What is the highest common factor of d and 55?
11
Let c = 60 - -20. Let t = c + -75. What is the greatest common divisor of 1 and t?
1
Let v(c) = -c**3 + 13*c**2 + 14*c - 3. Let h be v(14). Let f(l) = -5*l - 2. Let k be f(h). Let q = -18 + 31. What is the highest common factor of q and k?
13
Let l(f) = -f**2 - 13*f - 28. Let k be l(-10). Suppose 3*w - 21 = -5*t + 87, k*t + 5*w - 28 = 0. Calculate the highest common factor of 48 and t.
24
Let r = 195 - 188. What is the greatest common divisor of r and 1351?
7
Suppose 6*c - 977 = -881. What is the highest common divisor of 18 and c?
2
Let t(a) = -20*a - 5. Let l be t(-4). Let b = l - 65. What is the highest common divisor of 90 and b?
10
Let g = 7 + 4. Let u(n) = -n**2 + 7*n + 8. Let o be u(7). Suppose 0 = t - o - 3. Calculate the highest common factor of g and t.
11
Suppose -i = -2*i + 17. Let m = -15 + i. Suppose 2 = 3*w + a - 38, 0 = 2*w + m*a - 24. What is the greatest common divisor of 42 and w?
14
Suppose 6 = -0*j - 2*j. Let z be (-2 - 6/(-9))*j. Let l be 166/z - (-3)/6. What is the highest common divisor of l and 28?
14
Suppose -2*x + 145 = o, 6*x - 1228 = -8*o + 7*x. What is the highest common factor of 221 and o?
17
Let v(y) = -y**3 - 7*y**2 + 27*y + 24. Let j be v(-10). Calculate the greatest common divisor of j and 558.
18
Suppose 5*c = 984 - 129. Calculate the greatest common factor of c and 399.
57
Suppose o - 211 = -2*x, -7*o = 4*x - 11*o - 452. What is the greatest common divisor of x and 24?
12
Let u be (-8)/(-5) - (-6)/15. Let h be -1 + u*(-6)/(-4). Suppose -229 = -h*b - 5. Calculate the highest common divisor of 14 and b.
14
Let w be ((-12)/(-24))/(((-3)/70)/(-3)). Suppose -w = -5*s + 5*c, 2*s + 1 = -6*c + 3*c. What is the greatest common divisor of 3 and s?
1
Let f = 6 - 9. Let b be 4*f/(-2)*6/9. Calculate the greatest common divisor of b and 4.
4
Let n = 180 - 45. Calculate the greatest common factor of 81 and n.
27
Let n(d) = 318*d - 61. Let v be n(2). Calculate the greatest common divisor of 69 and v.
23
Let l be 155/35 + (-4)/(-7). Suppose -4*o + 72 = -4*y, -l*y = -3 - 12. Calculate the greatest common divisor of o and 3.
3
Let h = 270 - 266. Calculate the greatest common divisor of 5 and h.
1
Suppose 52*x - 49*x = 51. Suppose -11 = -4*t - 39. Let m = t + x. What is the highest common divisor of m and 5?
5
Suppose -42 = 3*o - 216. Let i = o + -26. Calculate the greatest common factor of 4 and i.
4
Let w(s) = -5*s - 4. Let f be w(-3). Suppose 0 = -4*a + f + 13. Let o be (-489 - -482)*(-60)/14. What is the greatest common divisor of o and a?
6
Suppose 6*l = l + 25. Let x(o) = o**2 - 2*o. Let z be x(l). Calculate the highest common divisor of z and 45.
15
Let o be (-1)/(1/4*-2). Suppose 0*c + 6 = o*c. Suppose 3*p = -v + 1, 0*v - 63 = -c*v + 3*p. What is the highest common divisor of 16 and v?
16
Let v = 28 + -16. Suppose 5*j = 2*n - 116, n + 66*j - 68 = 71*j. Calculate the greatest common factor of v and n.
12
Let n be 1*30*2/3. Let a(r) = r**2 - 16*r - 44. Let x be a(n). What is the highest common factor of x and 4?
4
Suppose 21*j - 616 = 10*j. What is the highest common factor of 14 and j?
14
Let y = -8 + 5. Let i(m) = 4 - 7 - 2*m - m - 4. Let j be i(y). Calculate the greatest common factor of 18 and j.
2
Suppose 4*b - 2 - 6 = 0, 5*b = -w + 16. Suppose 5*i = 3*i + w. Let p(k) = k**3 - 3*k**2 + k + 2. Let z be p(i). What is the greatest common factor of z and 2?
1
Let q(x) = -x**3 + 7*x**2 - 6*x + 2. Let c be q(6). Let v = c + 4. Let m = 10 + 2. Calculate the highest common factor of m and v.
6
Let c = 9 - 5. Suppose -c*m = -m - 6. Suppose 0 = -4*k - 5*v - 1, 0 = -k - m*v - 0*v - 4. What is the greatest common factor of k and 2?
2
Let b(i) = i**2 - 2*i + 27. Let n be b(0). Suppose -5 = -5*r + w + 34, -5*r + n = 2*w. Let y be 198/42 + 2/r. What is the greatest common divisor of y and 40?
5
Suppose y + 3*y = 0. Let a(s) = 2 + 7 - 2 - 6 - s. Let n be a(y). Calculate the highest common factor of n and 9.
1
Let q(j) = -9*j**2 - 7*j - 8. Let a be q(-4). Let w be (2/2)/((-4)/a). Let d be (-5)/((-10)/4) + 153. What is the greatest common divisor of w and d?
31
Let v be 3 + (-3462)/(-24) - (-6)/(-24). What is the greatest common factor of 1421 and v?
49
Suppose 320 = 4*u - 4*a, -12*u + 320 = -8*u + 2*a. What is the highest common factor of 20 and u?
20
Let v be 1529/(-44) - (-3)/4. Let g = 37 + v. Let b be 63/3 - (g + 0). What is the greatest common factor of 2 and b?
2
Let i(x) = 56*x**2 - 22*x + 11. Let j be i(4). What is the greatest common divisor of 63 and j?
63
Suppose -5*o + 2327 = 4*g, -2*g - 2*g + 2367 = -3*o. What is the greatest common divisor of g and 84?
84
Let a be (-4 + 2)*1/(-1). Let s(f) = 64*f - 3. Let x be s(a). What is the greatest common factor of x and 25?
25
Suppose j = -18*i + 22*i + 3, -4*j = -3*i - 25. What is the highest common divisor of j and 9?
1
Suppose 5*z - 139 = -3*p, 4*z - 68 - 45 = -3*p. Calculate the highest common factor of z and 182.
26
Let c = 263 + -153. Let b be c/(-1 + 6)*4. Let i be 2/(-12)*-2*33. What is the greatest common factor of i and b?
11
Suppose 5*k - 9 = 5*l + 21, -3*l - 26 = -5*k. Suppose 0 = -b + k + 27. What is the highest common factor of 31 and b?
31
Suppose -h - 2*h = 0. Suppose -3*p + h*p + 33 = 0. What is the greatest common divisor of 88 and p?
11
Suppose -3*a = -8*a + 5*h + 50, -3*a + 54 = 3*h. What is the greatest common factor of a and 21?
7
Let w = 38 + -26. Let z be (3/(-3))/(6 + -5). Let l be 84/(-7)*(2 + z)/(-1). Calculate the highest common factor of w and l.
12
Let a = 119 + -51. Let z = -742 - -844. Calculate the highest common divisor of z and a.
34
Suppose -3*c = 593 - 1538. What is the highest common factor of c and 35?
35
Let r be 1 + 0 + 2 + 2. Let b = -33 - -31. Let o be 159*5/15 - b. Calculate the greatest common divisor of o and r.
5
Let c = 44 + 55. What is the greatest common factor of 22 and c?
11
Let k = -215 - -316. Let p = k + -76. Calculate the greatest common factor of p and 175.
25
Suppose 0*z = -4*z + 280. Suppose 6*i - 92 + 8 = 5*v, 56 = 4*i + 2*v. What is the greatest common divisor of z and i?
14
Let v = 159 + -144. Let a be 0 - 0 - -2*(-5)/(-1). Calculate the highest common factor of a and v.
5
Suppose -2*f = 13*a - 10*a - 168, -f = 3*a - 84. Let p be (-3)/(-15) + (-1884)/(-30). What is the highest common factor of p and f?
21
Let n(u) = u**3 + 10*u**2 - 11*u - 8. Let h be n(-11). Let d(w) = 2*w**2 - 8*w + 12. Let k be d(h). Calculate the greatest common divisor of k and 12.
12
Let a be ((-2)/(-1) + 2)/2. Suppose 4*g + v = -4, -v = -5*g + 6 - a. Suppose g = -4*f - 50 + 130. Calculate the greatest common factor of f and 5.
5
Let n = 13 - -11. Let g(q) = -q**3 + 14*q**2 + 27*q + 74. Let j be g(16). Let d = j + n. What is the highest common factor of d and 18?
18
Let d = 1087 - 900. Let v(r) = 9*r - 1. Let f be v(1). Suppose 2*k - 26 = f. Calculate the greatest common divisor of k and d.
17
Let a = -10 - -15. Suppose 5*p + 8 = -2*m, 4*p + 3 = -a. Calculate the greatest common factor of 1 and m.
1
Let k be 446/(-2) + 12/(-1 - -5). Let p = k + 428. What is the greatest common factor of p and 26?
26
Let y be (20/(-15))/(2/(-60)). Calculate the greatest common factor of y and 50.
10
Let x = -45 - -58. Calculate the greatest common factor of 377 and x.
13
Let s(x) = -x**2 + x + 3. Let a be s(0). Let j be (0 - -15) + (-3 - 1). Let r = 1 + j. Calculate the highest common divisor of r and a.
3
Suppose -i - 3*a + 2*a + 28 = 0, -a + 56 = 2*i. Calculate the greatest common divisor of i and 126.
14
Let h = -648 + 816. Suppose 3*d + d = 224. What is the highest common factor of d and h?
56
Let b(t) = 4*t - 17. Let x be b(5). Suppose -150 = -5*h - x*j, -j = 4*h - 0*j - 120. Suppose 0*o + 2*o - 60 = 0. Calculate the highest common factor of h and o.
30
Let o(t) = 5*t**2 + 24*t - 26. Let y be o(-7). Calculate the highest common factor of 204 and y.
51
Suppose -4*f = -2*y - 16, -19*f + 16*f - 2*y + 19 = 0. Suppose 43 = f*q - 107. Calculate the greatest common divisor of 18 and q.
6
Let i(u) = -u**3 - 3*u**2 - 1. Le